 of t?
2
What is the hundreds digit of (-111)/(8/(-7 - 1))?
1
Let j(c) be the third derivative of -1/60*c**5 + 0*c - 5*c**2 + 0 + 14/3*c**3 - 1/24*c**4 - 1/120*c**6. What is the units digit of j(0)?
8
Suppose 2*t - 669 = 157. What is the tens digit of t?
1
Suppose -197*o + 9693 = -188*o. What is the thousands digit of o?
1
Let s be 1/((-3)/9) + 18. Suppose -3*v - s = -j, j - 2*j - 17 = 5*v. Suppose k - j*k = -18. What is the units digit of k?
9
Let k(i) = i**2 - 4*i + 94. What is the units digit of k(-19)?
1
Let f be 6/(-4) + 171/38. Let m(i) = 22*i + 3. Let p be m(f). Suppose 5*u = -0*k + 2*k - p, -39 = -k - 2*u. What is the units digit of k?
7
Let g(t) = 8*t - 3. Let n be g(2). Suppose 5*i - 13 = -3*r + n, 5*i - 47 = 4*r. Suppose -v + i = -0. What is the units digit of v?
7
Suppose 3*p - 2*p - 3 = 0. Suppose -3*z + 12 = p*y, -4*y + 2*z + 6 = z. Suppose y*f + 2*f - 36 = 0. What is the units digit of f?
9
Let d(w) = w**2 - 13*w - 55. What is the hundreds digit of d(-12)?
2
Let w = 890 - 1256. Let a = w + 559. What is the units digit of a?
3
Let t = 25 + -19. Suppose t*a = -a + 98. What is the units digit of a?
4
Let r(m) = m**3 + 15*m**2 + 12*m + 10. Let q be r(-14). Let a = q + -36. Suppose -a*o - 4*v = -135 + 45, 3*o = 3*v + 153. What is the units digit of o?
9
Suppose -12247 = -4*h - 5*m, 5*m = -26 + 21. What is the hundreds digit of h?
0
Suppose 34 = -4*b + 302. Suppose -3*r - b = -z, 0 = -0*z - z - 3*r + 79. Suppose f + 3*f - 122 = -2*o, -2*f + 3*o = -z. What is the units digit of f?
2
Let m = 6134 - 4130. What is the hundreds digit of m?
0
Suppose -3*l + 60 = 2*l. Let t = 28 + l. Let s = -15 + t. What is the tens digit of s?
2
Let u = 84 - 82. Suppose 3*l + 335 = 5*a, -3*a + u*l + 190 = -2*l. What is the units digit of a?
0
Suppose 0*m = -2*n + 3*m + 25, -4*n - 4*m + 40 = 0. Suppose 221 = n*z - 329. What is the tens digit of z?
5
Let y(w) = -w**3 + 6*w**2 - 8*w + 5. Let z be y(4). Let n(h) = h - 4. Let x be n(z). Suppose 5 = j - x. What is the units digit of j?
6
Let z(n) = -n - 3. Let u be z(-9). Suppose 0 = u*f - 8*f + 14. Suppose -b + 24 = f. What is the units digit of b?
7
Suppose -4 - 5 = -3*o, 0 = 5*b + 3*o - 1879. Suppose b = p + p. What is the hundreds digit of p?
1
Let n be -1 - -5 - (-284)/(-2). Let a = -79 - n. What is the tens digit of a?
5
Suppose 2*t - t = a - 2839, 5*a = -4*t + 14231. What is the tens digit of a?
4
Suppose -4*t + 174 = -26. Let k = 64 - t. What is the tens digit of k?
1
Suppose 0 = -3*z + 2 + 4, z + 1 = q. Suppose k - q*k + 132 = 0. What is the tens digit of k?
6
Suppose 2*i + 4*f = 30, -3*i - f + 22 = 2. Suppose 2*b = 5*d + 36, i*d + 48 = 4*b + d. What is the units digit of b?
8
Suppose b = 7 + 171. Suppose 3*x - w = 271, 4*x - w - b = 182. What is the tens digit of x?
8
Suppose 3*t + 2*t = 680. What is the units digit of t?
6
Let s(n) be the third derivative of 11/24*n**4 - 4*n**2 + 13/6*n**3 + 0*n + 1/60*n**5 + 0. What is the units digit of s(-13)?
9
Let m(v) = 5*v**2 + 6*v + 13. Let s be m(-10). Let f = -309 + s. What is the hundreds digit of f?
1
What is the thousands digit of (-8)/(-52) + 46*(-6302)/(-52)?
5
Let x(t) = 4*t**2 + 2*t + 13. Let z be x(5). Suppose -2*y + r - 6*r = -z, -4*r = -5*y + 324. What is the tens digit of y?
6
Suppose -2*z = 3*s - 56, 21 + 51 = 5*s - 2*z. Let c = 1313 + -2121. What is the tens digit of (-2)/4 - c/s?
5
What is the units digit of 385 + (4 - 3) + 4?
0
Let i(h) = -17*h**2 + 4*h + 2. Let c be i(2). Let j = c - -115. What is the units digit of j?
7
Let y(t) = -t**2 + 14*t - 8. Let g be y(11). Let p = 162 - g. What is the tens digit of p?
3
Let w(q) = 176*q + 23. What is the hundreds digit of w(9)?
6
Suppose -2*k - 1 = -3*k. Suppose 2*v + 6 = -2*a, -5*a - 2*v + k - 22 = 0. What is the units digit of 46/10 - 2/a?
5
Let z be 3 + 1/((-2)/26). Let b = 5 - z. Let n = b + 20. What is the units digit of n?
5
Let f = -1011 - -4192. What is the tens digit of f?
8
Let h = -55 + 27. Let f = 69 + h. What is the tens digit of f?
4
Suppose 31*b - 154 = 30*b. What is the units digit of b?
4
Let m be (5 - 2)/(7/63). Suppose -6*u = 4*f - u - 32, 3*u - m = -5*f. Suppose -185 = -4*s + f*k, 5*s - 5*k = 125 + 110. What is the units digit of s?
4
Suppose -3*w - 2*y = -y - 6, 3*w - 3*y - 6 = 0. Suppose -10*m = -6*m - 320. Suppose 7*u = w*u + m. What is the tens digit of u?
1
Let w = -27 - -41. Let s = w + -15. What is the units digit of 0/(-4) + s - -39?
8
Suppose 5*b = 4*u - 839, -3*u + 3*b - 815 = -7*u. Suppose -50*z = -52*z + u. What is the tens digit of z?
0
Let g = 36 + -17. Let p = 75 - g. What is the units digit of p?
6
Let z(o) = -79*o**3 + 12*o**2 + 7*o + 1. What is the tens digit of z(-3)?
2
Let r be 2*3/(12/22). Let u = 86 - r. What is the units digit of u?
5
What is the tens digit of (6968/182)/(4/14)?
3
Let o(b) = b + 3. Suppose a + 6 = -1. Let p be o(a). Let i(k) = -11*k - 3. What is the tens digit of i(p)?
4
Let m = 884 + -492. What is the tens digit of m?
9
Let i = 12 + 350. What is the hundreds digit of i?
3
Suppose -4*p - 638 = -3*b, -9*p + 8*p + 1 = 0. What is the units digit of b?
4
Suppose 2*q = 8*q - 18. Let c be (-4)/(-14) + (-10)/35. Suppose 2*y = w - 16, 2*y - y + q = c. What is the tens digit of w?
1
Let p = -832 - -2011. What is the thousands digit of p?
1
Suppose 0 = -0*g - 4*g + 216. Suppose g + 11 = l. What is the tens digit of l?
6
Suppose -3*j = -3*a + 177, -a - 4*a + 169 = -3*j. Let b = 413 - 522. Let f = j - b. What is the units digit of f?
6
Let b(j) = -87*j - 21. Let k be b(-5). Suppose -4*g - o - o + k = 0, -g + 108 = 2*o. What is the tens digit of g?
0
Suppose 7410 = 6*g - 4974. What is the tens digit of g?
6
Suppose -18 = -4*p + 6. Let g be ((-36)/20)/(p/(-20)). Suppose g*j - 2*j = 96. What is the units digit of j?
4
Let y(s) = -s**3 - s**2 - s + 1. Let i(o) = 9*o**3 + 2*o**2 + 3*o - 2. Let v(f) = i(f) + 2*y(f). What is the units digit of v(1)?
8
Let i(f) = -f**2 - f + 1. Let c(u) = -u**2 - 4*u + 3. Let a(y) = c(y) - 2*i(y). Let k be a(8). What is the units digit of (-14)/k - (-270)/14?
9
Suppose 5 = -5*r, -3*r + 10 = 4*b - 5*r. Let g = b + 45. What is the units digit of g?
7
Let u = 4586 + -2558. What is the thousands digit of u?
2
Suppose -2*g + 2*u = -4012, 4*g - 3010 = -4*u + 4990. What is the hundreds digit of g?
0
Let g = 480 - 341. What is the hundreds digit of g?
1
Suppose 4 = -a, 4*d - 734 = 4*a - 14. What is the units digit of d?
6
Suppose -2*b + i = -110, -2*i = 4*b - 3*b - 55. Let m = 226 - b. Suppose -4*o = -o - m. What is the units digit of o?
7
Let r(d) = -2*d + 10. Let v be 7 + (-2 - -6) + -6. Let c be -11 - (-3)/((-15)/v). What is the tens digit of r(c)?
3
Let y(j) = j**3 + 9*j**2 + 10*j + 4. Let c be y(-8). Let u = c + 16. Suppose 5*d + 2*k - 24 = 0, u*d - 3*k = 6*d - 14. What is the units digit of d?
4
Suppose -4*x = -x + 3. Let d = 1 - x. What is the units digit of 17 + -1 - 1 - d?
3
Suppose b + 3*m - 497 = 0, 0 = b + 3*m - m - 492. What is the tens digit of b?
8
Let o be 3/2*(-22)/(-3). Suppose -8*a = -o*a + 159. What is the tens digit of a?
5
Suppose 0 = 5*x + 13 + 2, -3*i = -2*x - 1221. What is the units digit of i?
5
Let d(w) be the third derivative of w**6/120 - 3*w**5/20 + w**4/12 + w**3/3 + 13*w**2. What is the units digit of d(9)?
0
Let a(j) = -22*j + 383. What is the units digit of a(-25)?
3
Let m(s) = 4*s**2 + s - 3. Suppose -5*r - 25 = u, -2*r - 3*u - 28 = u. What is the tens digit of m(r)?
5
Suppose 2*t + 2 = -j + 3, 3*j - 4*t = 23. Suppose -3*b - d + 213 = 0, -j*b - 11 + 374 = -d. What is the tens digit of b?
7
Suppose -3*g - 4 = -s, 0 = -0*s + 2*s + 3*g - 8. Suppose -4*a = -688 - s. What is the units digit of a?
3
Let k = 9 + 3. What is the units digit of 89*3*3/(k/4)?
7
Let t(y) = -37*y**3 + 44*y**2 - 6*y - 1. What is the units digit of t(-5)?
4
Let y = -2 + 7. Suppose y*t - 271 = -4*q + 3*q, 3*t + 5*q = 167. What is the tens digit of t?
5
Suppose 7*c - 264 = 4*c. Suppose c = 4*l - 0*l. What is the units digit of l?
2
Suppose -20*i + 5486 = -7*i. What is the hundreds digit of i?
4
Let f(l) = 8*l - 21. Let r(g) = g**2 + 8*g - 8. Let z be r(-10). What is the tens digit of f(z)?
7
Suppose 0 = z + 3*z + 16. Suppose -12*v + 9*v = 12. What is the tens digit of z*(-1)/v*-55?
5
Suppose -5*p - 16 = -o + 9, -2*o = -2*p - 10. 